{"id":1434,"date":"2025-10-13T14:48:48","date_gmt":"2025-10-13T12:48:48","guid":{"rendered":"https:\/\/organizingarchitectures.org\/?post_type=event&#038;p=1434"},"modified":"2025-11-24T13:42:49","modified_gmt":"2025-11-24T12:42:49","slug":"tracing-political-violence-in-postcolonial-architecture","status":"publish","type":"event","link":"https:\/\/organizingarchitectures.org\/de\/event\/tracing-political-violence-in-postcolonial-architecture\/","title":{"rendered":"Tracing Political Violence in Postcolonial Architecture"},"content":{"rendered":"\n<p>Vortrag von <a href=\"https:\/\/organizingarchitectures.org\/?post_type=person&amp;p=1429&amp;preview=true&amp;_thumbnail_id=1427\">Anoma Pieris<\/a> [Melbourne School of Design], #1 der Ringvorlesung <a href=\"https:\/\/organizingarchitectures.org\/?post_type=event&amp;p=1437&amp;preview=true&amp;_thumbnail_id=1178\">Organizing Architectures: Coloniality<\/a><\/p>\n\n<figure class=\"wp-block-image size-full\"><img loading=\"lazy\" decoding=\"async\" width=\"2560\" height=\"1153\" src=\"https:\/\/organizingarchitectures.org\/wp-content\/uploads\/Ankundigungsbild_Anoma-Pieris.jpg\" alt=\"People protesting in Sri Lanka\" class=\"wp-image-1492\" title=\"\" srcset=\"https:\/\/organizingarchitectures.org\/wp-content\/uploads\/Ankundigungsbild_Anoma-Pieris.jpg 2560w, https:\/\/organizingarchitectures.org\/wp-content\/uploads\/Ankundigungsbild_Anoma-Pieris-480x216.jpg 480w, https:\/\/organizingarchitectures.org\/wp-content\/uploads\/Ankundigungsbild_Anoma-Pieris-640x288.jpg 640w, https:\/\/organizingarchitectures.org\/wp-content\/uploads\/Ankundigungsbild_Anoma-Pieris-720x324.jpg 720w, https:\/\/organizingarchitectures.org\/wp-content\/uploads\/Ankundigungsbild_Anoma-Pieris-960x432.jpg 960w, https:\/\/organizingarchitectures.org\/wp-content\/uploads\/Ankundigungsbild_Anoma-Pieris-1168x526.jpg 1168w, https:\/\/organizingarchitectures.org\/wp-content\/uploads\/Ankundigungsbild_Anoma-Pieris-1440x649.jpg 1440w, https:\/\/organizingarchitectures.org\/wp-content\/uploads\/Ankundigungsbild_Anoma-Pieris-1920x865.jpg 1920w\" sizes=\"auto, (max-width: 2560px) 100vw, 2560px\" \/><figcaption class=\"wp-element-caption\">\u00a9 Anoma Pieris<\/figcaption><\/figure>\n\n<p>Im Jahr 2022 gingen die B\u00fcrger von Colombo (Sri Lanka) im Rahmen einer Bewegung f\u00fcr Volkssouver\u00e4nit\u00e4t auf die Stra\u00dfe, um gegen die neoliberale Fortschrittsvision der Regierung zu protestieren. Die Materialit\u00e4t und die Botschaften ihrer langanhaltenden Besetzung der Stadt deuten die vielschichtige Anh\u00e4ufung politischer Gewalt als charakteristisches Merkmal der postkolonialen Stadt. In diesem Vortrag wird er\u00f6rtert, wie sich diese Schichten ansammeln und wie wir sie erkennen und auseinandernehmen k\u00f6nnen.  <\/p>\n\n<p>Der Vortrag findet auf Englisch statt.<\/p>\n\n<p>Mitglieder der Architektenkammer Hessen (AKH) k\u00f6nnen bei Teilnahme 2 Fortbildungspunkte erwerben.<\/p>\n\n<p>26. November 2025 <br\/>19.00 &#8211; 20:30 Uhr<br\/>im Deutschen Architekturmuseum (DAM)<br\/>Schaumainkai 43, 60596 Frankfurt<\/p>\n","protected":false},"featured_media":1433,"template":"","meta":{"_acf_changed":false},"event_category":[35],"class_list":["post-1434","event","type-event","status-publish","has-post-thumbnail","hentry","event_category-ringvorlesung"],"acf":[],"_links":{"self":[{"href":"https:\/\/organizingarchitectures.org\/de\/wp-json\/wp\/v2\/event\/1434","targetHints":{"allow":["GET"]}}],"collection":[{"href":"https:\/\/organizingarchitectures.org\/de\/wp-json\/wp\/v2\/event"}],"about":[{"href":"https:\/\/organizingarchitectures.org\/de\/wp-json\/wp\/v2\/types\/event"}],"wp:featuredmedia":[{"embeddable":true,"href":"https:\/\/organizingarchitectures.org\/de\/wp-json\/wp\/v2\/media\/1433"}],"wp:attachment":[{"href":"https:\/\/organizingarchitectures.org\/de\/wp-json\/wp\/v2\/media?parent=1434"}],"wp:term":[{"taxonomy":"event_category","embeddable":true,"href":"https:\/\/organizingarchitectures.org\/de\/wp-json\/wp\/v2\/event_category?post=1434"}],"curies":[{"name":"wp","href":"https:\/\/api.w.org\/{rel}","templated":true}]}}

<p>Vortrag von <a href="https://organizingarchitectures.org/?post_type=person&amp;p=1429&amp;preview=true&amp;_thumbnail_id=1427">Anoma Pieris</a> [Melbourne School of Design], #1 der Ringvorlesung <a href="https://organizingarchitectures.org/?post_type=event&amp;p=1437&amp;preview=true&amp;_thumbnail_id=1178">Organizing Architectures: Coloniality</a></p>

<figure class="wp-block-image size-full"><img loading="lazy" decoding="async" width="2560" height="1153" src="https://organizingarchitectures.org/wp-content/uploads/Ankundigungsbild_Anoma-Pieris.jpg" alt="People protesting in Sri Lanka" class="wp-image-1492" title="" srcset="https://organizingarchitectures.org/wp-content/uploads/Ankundigungsbild_Anoma-Pieris.jpg 2560w, https://organizingarchitectures.org/wp-content/uploads/Ankundigungsbild_Anoma-Pieris-480x216.jpg 480w, https://organizingarchitectures.org/wp-content/uploads/Ankundigungsbild_Anoma-Pieris-640x288.jpg 640w, https://organizingarchitectures.org/wp-content/uploads/Ankundigungsbild_Anoma-Pieris-720x324.jpg 720w, https://organizingarchitectures.org/wp-content/uploads/Ankundigungsbild_Anoma-Pieris-960x432.jpg 960w, https://organizingarchitectures.org/wp-content/uploads/Ankundigungsbild_Anoma-Pieris-1168x526.jpg 1168w, https://organizingarchitectures.org/wp-content/uploads/Ankundigungsbild_Anoma-Pieris-1440x649.jpg 1440w, https://organizingarchitectures.org/wp-content/uploads/Ankundigungsbild_Anoma-Pieris-1920x865.jpg 1920w" sizes="auto, (max-width: 2560px) 100vw, 2560px" /><figcaption class="wp-element-caption">© Anoma Pieris</figcaption></figure>

<p>Im Jahr 2022 gingen die Bürger von Colombo (Sri Lanka) im Rahmen einer Bewegung für Volkssouveränität auf die Straße, um gegen die neoliberale Fortschrittsvision der Regierung zu protestieren. Die Materialität und die Botschaften ihrer langanhaltenden Besetzung der Stadt deuten die vielschichtige Anhäufung politischer Gewalt als charakteristisches Merkmal der postkolonialen Stadt. In diesem Vortrag wird erörtert, wie sich diese Schichten ansammeln und wie wir sie erkennen und auseinandernehmen können.  </p>

<p>Der Vortrag findet auf Englisch statt.</p>

<p>Mitglieder der Architektenkammer Hessen (AKH) können bei Teilnahme 2 Fortbildungspunkte erwerben.</p>

<p>26. November 2025 <br/>19.00 &#8211; 20:30 Uhr<br/>im Deutschen Architekturmuseum (DAM)<br/>Schaumainkai 43, 60596 Frankfurt</p>
