{"id":1451,"date":"2025-10-15T21:17:10","date_gmt":"2025-10-15T19:17:10","guid":{"rendered":"https:\/\/organizingarchitectures.org\/?post_type=event&#038;p=1451"},"modified":"2026-04-09T16:14:20","modified_gmt":"2026-04-09T14:14:20","slug":"organizing-architectures-coloniality","status":"publish","type":"event","link":"https:\/\/organizingarchitectures.org\/de\/event\/organizing-architectures-coloniality\/","title":{"rendered":"Organizing Architectures: Coloniality"},"content":{"rendered":"\n<p>Die moderne Architektur und die gebaute Umwelt wurden durch Netzwerke kolonialer Macht organisiert. Um die Regime dieser Organisation zu untersuchen, schl\u00e4gt die Vortragsreihe vor, die Aufmerksamkeit von Kolonialismus auf Kolonialit\u00e4t zu verlagern. Kolonialismus bezeichnet gemeinhin ein historisches System der territorialen Expansion, politischer Herrschaft, wirtschaftlicher Ausbeutung und kultureller Hegemonie, das von den europ\u00e4ischen M\u00e4chten vom 15. bis zur Mitte des 20. Jahrhunderts praktiziert wurde und durch milit\u00e4rische Besetzung, die Auferlegung fremder Institutionen, die Ausbeutung von Ressourcen und die Unterwerfung der lokalen Bev\u00f6lkerung gekennzeichnet war. Im Gegensatz dazu ist Kolonialit\u00e4t ein kritisches theoretisches Konzept, das im Kontext des dekolonialen Denkens entwickelt wurde, insbesondere von Wissenschaftler*innen wie An\u00edbal Quijano, Walter Mignolo und Mar\u00eda Lugones. Es bezieht sich auf die fortdauernden Muster von Macht, Wissen und Subjektivit\u00e4t, die \u00fcber das formale Ende kolonialer Herrschaft hinaus bestehen bleiben. Kolonialit\u00e4t wirkt durch die anhaltende globale Dominanz westlicher Erkenntnistheorien, die Marginalisierung nicht-westlicher Wissenssysteme sowie durch das Fortbestehen rassistischer Hierarchien und wirtschaftlicher Abh\u00e4ngigkeiten in der postkolonialen Welt. Quijanos Konzept der Kolonialit\u00e4t der Macht beschreibt, wie koloniale Herrschaftsformen Teil des Projekts der Moderne selbst wurden. Die Vortragsreihe untersucht Kolonialit\u00e4t als analytischen Rahmen zum Verst\u00e4ndnis modernistischer Architektur und Stadtplanung in verschiedenen geografischen Kontexten. Sie fragt: Wie pr\u00e4gen diese fortbestehenden Wissenssysteme, Hierarchien und Abh\u00e4ngigkeiten noch immer die Architektur? In welchen architektonischen Institutionen, Netzwerken und Diskursen \u00fcberlebt oder gedeiht die Kolonialit\u00e4t der Macht sogar? Welche r\u00e4umlichen Praktiken, Prozesse oder Techniken k\u00f6nnen diesen Tendenzen entgegenwirken? Die Vortragsreihe l\u00e4dt zu kritischen, interdisziplin\u00e4ren und kontextgebundenen Untersuchungen dar\u00fcber ein, wie Kolonialit\u00e4t das architektonische Denken und Handeln weiterhin pr\u00e4gt.           <\/p>\n\n<p>Die Vortr\u00e4ge finden auf Englisch statt.<\/p>\n\n<p>Ort: Auditorium im Deutsches Architekturmuseum (DAM), Schaumainkai 43, 60596 Frankfurt am Main<\/p>\n\n<p>Mitglieder der Architektenkammer Hessen (AKH) k\u00f6nnen 2 Fortbildungspunkte je Vortrag durch Teilnahme erhalten.<\/p>\n\n<figure class=\"wp-block-image size-full is-resized\"><img loading=\"lazy\" decoding=\"async\" width=\"1357\" height=\"1920\" src=\"https:\/\/organizingarchitectures.org\/wp-content\/uploads\/OA-Plakat-Coloniality-Winter-Semester-2526.jpg\" alt=\"\" class=\"wp-image-1509\" style=\"width:524px;height:auto\" title=\"\" srcset=\"https:\/\/organizingarchitectures.org\/wp-content\/uploads\/OA-Plakat-Coloniality-Winter-Semester-2526.jpg 1357w, https:\/\/organizingarchitectures.org\/wp-content\/uploads\/OA-Plakat-Coloniality-Winter-Semester-2526-480x679.jpg 480w, https:\/\/organizingarchitectures.org\/wp-content\/uploads\/OA-Plakat-Coloniality-Winter-Semester-2526-640x906.jpg 640w, https:\/\/organizingarchitectures.org\/wp-content\/uploads\/OA-Plakat-Coloniality-Winter-Semester-2526-720x1019.jpg 720w, https:\/\/organizingarchitectures.org\/wp-content\/uploads\/OA-Plakat-Coloniality-Winter-Semester-2526-960x1358.jpg 960w, https:\/\/organizingarchitectures.org\/wp-content\/uploads\/OA-Plakat-Coloniality-Winter-Semester-2526-1168x1653.jpg 1168w\" sizes=\"auto, (max-width: 1357px) 100vw, 1357px\" \/><\/figure>\n\n<p>26.11.2025, 19:00<br\/><a href=\"https:\/\/organizingarchitectures.org\/de\/event\/tracing-political-violence-in-postcolonial-architecture\/\">&#8220;Tracing Political Violence in Postcolonial Architecture: The Body Keeps the Score&#8221;<\/a><br\/>Vortrag von Prof. Dr. Anoma Pieris [Melbourne School of Design]<\/p>\n\n<p>10.12.2025, 19:00<br\/><a href=\"https:\/\/organizingarchitectures.org\/de\/event\/the-favela-as-figure\/\" data-type=\"event\" data-id=\"1533\"> &#8220;The Favela as Figure: Colonialist Afterlives and Urbanism&#8217;s Technocratic Aesthetics in 1920s Rio de Janeiro&#8221;<\/a><br\/>Vortrag von Prof. Dr. Adrian Anagnost [Tulane University School of Liberal Arts New Orleans]<\/p>\n\n<p>04.02.2026, 19:00<br\/><a href=\"https:\/\/organizingarchitectures.org\/de\/event\/zionist-coloniality-under-british-colonialism\/\">&#8220;(Zionist) Coloniality under (British) Colonialism: The Architectural and Warfare Modernism of Yohanan (Eugene) Ratner in Mandatory Palestine&#8221;<\/a><br\/>Vortrag von Prof. Dr. Alona Nitzan-Shiftan [Technion &#8211; Israel Institute of Technology Haifa]<\/p>\n\n<p>11.2.2026, 19:00<br\/><a href=\"https:\/\/organizingarchitectures.org\/de\/event\/architectures-of-the-archive\/\">&#8220;Architectures of the Archive: Reorganizing Memory and Heritage&#8221;<\/a><br\/>Mit Beitr\u00e4gen von Setareh Noorani [Nieuwe Instituut Rotterdam] und Prof. Dr. Sung Hong Kim [University of Seoul] sowie einer F\u00fchrung durch die Ausstellung \u201cOut of Storage\u201d mit Evelyn Steiner [Kuratorin]<\/p>\n\n<p>17.06.2026, 19 Uhr<br\/><a href=\"https:\/\/organizingarchitectures.org\/de\/event\/monumentality-coloniality-and-the-rewriting-of-public-space\/\">&#8220;Monumentality, Coloniality, and the Rewriting of Public Space&#8221;<\/a><br\/>Vortrag von Prof. Dr. Mechtild Widrich [School of the Art Institute of Chicago]<\/p>\n\n<p>24.06.2026, 19 Uhr<br\/><a href=\"https:\/\/organizingarchitectures.org\/de\/event\/the-peoples-workbook-1981\/\">&#8220;The People\u2019s Workbook, 1981&#8221;<\/a><br\/>Vortrag von Dr. Hannah le Roux [University of Sheffield]<\/p>\n\n<p>08.07.2026, 19 Uhr<br\/>&#8220;Between Aesthetic Justice and the Right to Beauty: the Aesthetics of Self-built Settlements in Latin America&#8221;<br\/>Vortrag von Dr. Jessica S. Pineda Zumaran [Centro de Investigaci\u00f3n en Teor\u00eda Urbana y Territorial URBES-LAB, Peru]<\/p>\n\n<p>15.07.2026, 19 Uhr<br\/>tbd.<br\/>Vortrag von Prof. Dr. Ateya Khorakiwala [Columbia University, Graduate School of Architecture, Planning and Preservation]<\/p>\n","protected":false},"featured_media":1179,"template":"","meta":{"_acf_changed":false},"event_category":[35],"class_list":["post-1451","event","type-event","status-publish","has-post-thumbnail","hentry","event_category-ringvorlesung"],"acf":[],"_links":{"self":[{"href":"https:\/\/organizingarchitectures.org\/de\/wp-json\/wp\/v2\/event\/1451","targetHints":{"allow":["GET"]}}],"collection":[{"href":"https:\/\/organizingarchitectures.org\/de\/wp-json\/wp\/v2\/event"}],"about":[{"href":"https:\/\/organizingarchitectures.org\/de\/wp-json\/wp\/v2\/types\/event"}],"wp:featuredmedia":[{"embeddable":true,"href":"https:\/\/organizingarchitectures.org\/de\/wp-json\/wp\/v2\/media\/1179"}],"wp:attachment":[{"href":"https:\/\/organizingarchitectures.org\/de\/wp-json\/wp\/v2\/media?parent=1451"}],"wp:term":[{"taxonomy":"event_category","embeddable":true,"href":"https:\/\/organizingarchitectures.org\/de\/wp-json\/wp\/v2\/event_category?post=1451"}],"curies":[{"name":"wp","href":"https:\/\/api.w.org\/{rel}","templated":true}]}}

<p>Die moderne Architektur und die gebaute Umwelt wurden durch Netzwerke kolonialer Macht organisiert. Um die Regime dieser Organisation zu untersuchen, schlägt die Vortragsreihe vor, die Aufmerksamkeit von Kolonialismus auf Kolonialität zu verlagern. Kolonialismus bezeichnet gemeinhin ein historisches System der territorialen Expansion, politischer Herrschaft, wirtschaftlicher Ausbeutung und kultureller Hegemonie, das von den europäischen Mächten vom 15. bis zur Mitte des 20. Jahrhunderts praktiziert wurde und durch militärische Besetzung, die Auferlegung fremder Institutionen, die Ausbeutung von Ressourcen und die Unterwerfung der lokalen Bevölkerung gekennzeichnet war. Im Gegensatz dazu ist Kolonialität ein kritisches theoretisches Konzept, das im Kontext des dekolonialen Denkens entwickelt wurde, insbesondere von Wissenschaftler*innen wie Aníbal Quijano, Walter Mignolo und María Lugones. Es bezieht sich auf die fortdauernden Muster von Macht, Wissen und Subjektivität, die über das formale Ende kolonialer Herrschaft hinaus bestehen bleiben. Kolonialität wirkt durch die anhaltende globale Dominanz westlicher Erkenntnistheorien, die Marginalisierung nicht-westlicher Wissenssysteme sowie durch das Fortbestehen rassistischer Hierarchien und wirtschaftlicher Abhängigkeiten in der postkolonialen Welt. Quijanos Konzept der Kolonialität der Macht beschreibt, wie koloniale Herrschaftsformen Teil des Projekts der Moderne selbst wurden. Die Vortragsreihe untersucht Kolonialität als analytischen Rahmen zum Verständnis modernistischer Architektur und Stadtplanung in verschiedenen geografischen Kontexten. Sie fragt: Wie prägen diese fortbestehenden Wissenssysteme, Hierarchien und Abhängigkeiten noch immer die Architektur? In welchen architektonischen Institutionen, Netzwerken und Diskursen überlebt oder gedeiht die Kolonialität der Macht sogar? Welche räumlichen Praktiken, Prozesse oder Techniken können diesen Tendenzen entgegenwirken? Die Vortragsreihe lädt zu kritischen, interdisziplinären und kontextgebundenen Untersuchungen darüber ein, wie Kolonialität das architektonische Denken und Handeln weiterhin prägt.           </p>

<p>Die Vorträge finden auf Englisch statt.</p>

<p>Ort: Auditorium im Deutsches Architekturmuseum (DAM), Schaumainkai 43, 60596 Frankfurt am Main</p>

<p>Mitglieder der Architektenkammer Hessen (AKH) können 2 Fortbildungspunkte je Vortrag durch Teilnahme erhalten.</p>

<figure class="wp-block-image size-full is-resized"><img loading="lazy" decoding="async" width="1357" height="1920" src="https://organizingarchitectures.org/wp-content/uploads/OA-Plakat-Coloniality-Winter-Semester-2526.jpg" alt="" class="wp-image-1509" style="width:524px;height:auto" title="" srcset="https://organizingarchitectures.org/wp-content/uploads/OA-Plakat-Coloniality-Winter-Semester-2526.jpg 1357w, https://organizingarchitectures.org/wp-content/uploads/OA-Plakat-Coloniality-Winter-Semester-2526-480x679.jpg 480w, https://organizingarchitectures.org/wp-content/uploads/OA-Plakat-Coloniality-Winter-Semester-2526-640x906.jpg 640w, https://organizingarchitectures.org/wp-content/uploads/OA-Plakat-Coloniality-Winter-Semester-2526-720x1019.jpg 720w, https://organizingarchitectures.org/wp-content/uploads/OA-Plakat-Coloniality-Winter-Semester-2526-960x1358.jpg 960w, https://organizingarchitectures.org/wp-content/uploads/OA-Plakat-Coloniality-Winter-Semester-2526-1168x1653.jpg 1168w" sizes="auto, (max-width: 1357px) 100vw, 1357px" /></figure>

<p>26.11.2025, 19:00<br/><a href="https://organizingarchitectures.org/de/event/tracing-political-violence-in-postcolonial-architecture/">&#8220;Tracing Political Violence in Postcolonial Architecture: The Body Keeps the Score&#8221;</a><br/>Vortrag von Prof. Dr. Anoma Pieris [Melbourne School of Design]</p>

<p>10.12.2025, 19:00<br/><a href="https://organizingarchitectures.org/de/event/the-favela-as-figure/" data-type="event" data-id="1533"> &#8220;The Favela as Figure: Colonialist Afterlives and Urbanism&#8217;s Technocratic Aesthetics in 1920s Rio de Janeiro&#8221;</a><br/>Vortrag von Prof. Dr. Adrian Anagnost [Tulane University School of Liberal Arts New Orleans]</p>

<p>04.02.2026, 19:00<br/><a href="https://organizingarchitectures.org/de/event/zionist-coloniality-under-british-colonialism/">&#8220;(Zionist) Coloniality under (British) Colonialism: The Architectural and Warfare Modernism of Yohanan (Eugene) Ratner in Mandatory Palestine&#8221;</a><br/>Vortrag von Prof. Dr. Alona Nitzan-Shiftan [Technion &#8211; Israel Institute of Technology Haifa]</p>

<p>11.2.2026, 19:00<br/><a href="https://organizingarchitectures.org/de/event/architectures-of-the-archive/">&#8220;Architectures of the Archive: Reorganizing Memory and Heritage&#8221;</a><br/>Mit Beiträgen von Setareh Noorani [Nieuwe Instituut Rotterdam] und Prof. Dr. Sung Hong Kim [University of Seoul] sowie einer Führung durch die Ausstellung “Out of Storage” mit Evelyn Steiner [Kuratorin]</p>

<p>17.06.2026, 19 Uhr<br/><a href="https://organizingarchitectures.org/de/event/monumentality-coloniality-and-the-rewriting-of-public-space/">&#8220;Monumentality, Coloniality, and the Rewriting of Public Space&#8221;</a><br/>Vortrag von Prof. Dr. Mechtild Widrich [School of the Art Institute of Chicago]</p>

<p>24.06.2026, 19 Uhr<br/><a href="https://organizingarchitectures.org/de/event/the-peoples-workbook-1981/">&#8220;The People’s Workbook, 1981&#8221;</a><br/>Vortrag von Dr. Hannah le Roux [University of Sheffield]</p>

<p>08.07.2026, 19 Uhr<br/>&#8220;Between Aesthetic Justice and the Right to Beauty: the Aesthetics of Self-built Settlements in Latin America&#8221;<br/>Vortrag von Dr. Jessica S. Pineda Zumaran [Centro de Investigación en Teoría Urbana y Territorial URBES-LAB, Peru]</p>

<p>15.07.2026, 19 Uhr<br/>tbd.<br/>Vortrag von Prof. Dr. Ateya Khorakiwala [Columbia University, Graduate School of Architecture, Planning and Preservation]</p>
