{"id":1486,"date":"2025-10-27T11:41:18","date_gmt":"2025-10-27T10:41:18","guid":{"rendered":"https:\/\/organizingarchitectures.org\/?post_type=event&#038;p=1486"},"modified":"2026-01-22T17:19:19","modified_gmt":"2026-01-22T16:19:19","slug":"zionist-coloniality-under-british-colonialism","status":"publish","type":"event","link":"https:\/\/organizingarchitectures.org\/de\/event\/zionist-coloniality-under-british-colonialism\/","title":{"rendered":"(Zionist) Coloniality Under (British) Colonialism"},"content":{"rendered":"\n<p>Vortrag von <a href=\"https:\/\/organizingarchitectures.org\/de\/person\/prof-dr-alona-nitzan-shiftan\/\">Alona Nitzan-Shiftan<\/a> [Technion \u2013 Israel Institute of Technology Haifa], <br\/>#3 der Vorlesungsreihe <a href=\"https:\/\/organizingarchitectures.org\/de\/event\/organizing-architectures-coloniality\/\">Organizing Architectures: Coloniality<\/a><\/p>\n\n<p>Der Vorschlag, Kolonialit\u00e4t als modernistische Organisationsform der Beziehungen zwischen dem Territorium und seinen Bewohner*innen zu untersuchen, erlaubt es uns, den Akt der Besiedlung von der Macht der Kolonialherrschaft zu trennen. Deshalb stellt der Begriff der Kolonialit\u00e4t ein wirkungsvolles theoretisches Instrument dar, um das Wissen und die Expertise zu untersuchen, auf die sich Zionist*innen st\u00fctzten, um zivile und milit\u00e4rische Siedlungen als Mittel des Widerstands gegen die Kolonialherrschaft des britischen Mandats (1922\u20131948) zu errichten und diese zu untergraben.   <\/p>\n\n<p>In meinem Vortrag untersuche ich dieses Spannungsfeld anhand der architektonischen Praxis von Yohanan (Eugene) Ratner \u2013 einer \u00e4u\u00dferst einflussreicher und weitgehend vergessenen Figur, deren Fachwissen und Lehre sowohl die Architektur als auch die Kriegsf\u00fchrung der j\u00fcdischen Bev\u00f6lkerung im Mandatsgebiet Pal\u00e4stina modernisierten. Nach der Architekturausbildung in Deutschland und dem Kriegsdienst in der kaiserlich-russischen Armee w\u00e4hrend des Ersten Weltkriegs, nahm Ratner die bezahlte Rolle des Dekans der Architekurschule am Techion an. Gleichzeitig organisierte er ehrenamtlich den milit\u00e4rischen Widerstand der j\u00fcdischen Bev\u00f6lkerung. Mein Argument wird sein, dass Ratners F\u00e4higkeit, sich zwischen Architektur und Kriegsf\u00fchrung hin- und herzubewegen, darauf zur\u00fcckzuf\u00fchren ist, dass die Grundlage beider Dimensionen seines Schaffens in der Erkenntnistheorie der deutschen und russischen Moderne begr\u00fcndet waren. W\u00e4hrend Ratner in der Architektur dem \u00dcbergang vom Historismus zum Modernismus im institutionellen Bauen der Architektur mit gro\u00dfem \u201eA\u201c zugeschrieben wird, liegt sein weitaus gr\u00f6\u00dferer Einfluss vielleicht in den utilitaristischen Strukturen, den territorialen Strategien und der organisatorischen Infrastruktur, die er im Zuge seines ehrenamtlichen Engagements entwickelte und die sich zu einem zionistischen <em>Modus Operandi<\/em> verfestigten. Dieses eher unsichtbare architektonisch-milit\u00e4rische \u0152uvre zeigt, wie die von Ratner visionierten neuen \u201eFormen der Beherrschung\u201c eine Kolonialit\u00e4t der Macht f\u00f6rderten, die das Ende des europ\u00e4ischen Kolonialismus nicht \u00fcberdauerte, sondern ihm vielmehr vorausging<em>.<\/em>   <\/p>\n\n<p>Der Vortrag findet auf Englisch statt. Eintritt frei, keine Anmeldung erforderlich.<\/p>\n\n<p>Mitglieder der Architektenkammer Hessen (AKH) k\u00f6nnen bei Teilnahme 2 Fortbildungspunkte erwerben.<\/p>\n\n<p>4. Februar 2026<br\/>19 \u2013 20.30 Uhr<br\/>im Deutschen Architekturmuseum (DAM)<br\/>Schaumainkai 43, 60596 Frankfurt<\/p>\n\n<figure class=\"wp-block-image size-full\"><img loading=\"lazy\" decoding=\"async\" width=\"2184\" height=\"1920\" src=\"https:\/\/organizingarchitectures.org\/wp-content\/uploads\/Bild-Vortrag-Alona-Nitzan-Shiftan-c-Arenson-Built-Heritage-Research-Center-the-Technion.jpg\" alt=\"\" class=\"wp-image-1583\" title=\"\" srcset=\"https:\/\/organizingarchitectures.org\/wp-content\/uploads\/Bild-Vortrag-Alona-Nitzan-Shiftan-c-Arenson-Built-Heritage-Research-Center-the-Technion.jpg 2184w, https:\/\/organizingarchitectures.org\/wp-content\/uploads\/Bild-Vortrag-Alona-Nitzan-Shiftan-c-Arenson-Built-Heritage-Research-Center-the-Technion-480x422.jpg 480w, https:\/\/organizingarchitectures.org\/wp-content\/uploads\/Bild-Vortrag-Alona-Nitzan-Shiftan-c-Arenson-Built-Heritage-Research-Center-the-Technion-640x563.jpg 640w, https:\/\/organizingarchitectures.org\/wp-content\/uploads\/Bild-Vortrag-Alona-Nitzan-Shiftan-c-Arenson-Built-Heritage-Research-Center-the-Technion-720x633.jpg 720w, https:\/\/organizingarchitectures.org\/wp-content\/uploads\/Bild-Vortrag-Alona-Nitzan-Shiftan-c-Arenson-Built-Heritage-Research-Center-the-Technion-960x844.jpg 960w, https:\/\/organizingarchitectures.org\/wp-content\/uploads\/Bild-Vortrag-Alona-Nitzan-Shiftan-c-Arenson-Built-Heritage-Research-Center-the-Technion-1168x1027.jpg 1168w, https:\/\/organizingarchitectures.org\/wp-content\/uploads\/Bild-Vortrag-Alona-Nitzan-Shiftan-c-Arenson-Built-Heritage-Research-Center-the-Technion-1440x1266.jpg 1440w, https:\/\/organizingarchitectures.org\/wp-content\/uploads\/Bild-Vortrag-Alona-Nitzan-Shiftan-c-Arenson-Built-Heritage-Research-Center-the-Technion-1920x1688.jpg 1920w\" sizes=\"auto, (max-width: 2184px) 100vw, 2184px\" \/><figcaption class=\"wp-element-caption\">Die \u201eWissenschaftliche Abteilung\u201d des Milit\u00e4rs, Titelblatt eines Katalogs mit dem Titel: \u201eDie Ausstellung im Monat des Waffenstillstands (A) \u2013 Juni 1948\u201d, gewidmet ihrem Gr\u00fcnder Prof. Y. Rather.<br\/>(c) Arenson Built Heritage Research Center, the Technion<\/figcaption><\/figure>\n","protected":false},"featured_media":1585,"template":"","meta":{"_acf_changed":false},"event_category":[35],"class_list":["post-1486","event","type-event","status-publish","has-post-thumbnail","hentry","event_category-ringvorlesung"],"acf":[],"_links":{"self":[{"href":"https:\/\/organizingarchitectures.org\/de\/wp-json\/wp\/v2\/event\/1486","targetHints":{"allow":["GET"]}}],"collection":[{"href":"https:\/\/organizingarchitectures.org\/de\/wp-json\/wp\/v2\/event"}],"about":[{"href":"https:\/\/organizingarchitectures.org\/de\/wp-json\/wp\/v2\/types\/event"}],"wp:featuredmedia":[{"embeddable":true,"href":"https:\/\/organizingarchitectures.org\/de\/wp-json\/wp\/v2\/media\/1585"}],"wp:attachment":[{"href":"https:\/\/organizingarchitectures.org\/de\/wp-json\/wp\/v2\/media?parent=1486"}],"wp:term":[{"taxonomy":"event_category","embeddable":true,"href":"https:\/\/organizingarchitectures.org\/de\/wp-json\/wp\/v2\/event_category?post=1486"}],"curies":[{"name":"wp","href":"https:\/\/api.w.org\/{rel}","templated":true}]}}

<p>Vortrag von <a href="https://organizingarchitectures.org/de/person/prof-dr-alona-nitzan-shiftan/">Alona Nitzan-Shiftan</a> [Technion – Israel Institute of Technology Haifa], <br/>#3 der Vorlesungsreihe <a href="https://organizingarchitectures.org/de/event/organizing-architectures-coloniality/">Organizing Architectures: Coloniality</a></p>

<p>Der Vorschlag, Kolonialität als modernistische Organisationsform der Beziehungen zwischen dem Territorium und seinen Bewohner*innen zu untersuchen, erlaubt es uns, den Akt der Besiedlung von der Macht der Kolonialherrschaft zu trennen. Deshalb stellt der Begriff der Kolonialität ein wirkungsvolles theoretisches Instrument dar, um das Wissen und die Expertise zu untersuchen, auf die sich Zionist*innen stützten, um zivile und militärische Siedlungen als Mittel des Widerstands gegen die Kolonialherrschaft des britischen Mandats (1922–1948) zu errichten und diese zu untergraben.   </p>

<p>In meinem Vortrag untersuche ich dieses Spannungsfeld anhand der architektonischen Praxis von Yohanan (Eugene) Ratner – einer äußerst einflussreicher und weitgehend vergessenen Figur, deren Fachwissen und Lehre sowohl die Architektur als auch die Kriegsführung der jüdischen Bevölkerung im Mandatsgebiet Palästina modernisierten. Nach der Architekturausbildung in Deutschland und dem Kriegsdienst in der kaiserlich-russischen Armee während des Ersten Weltkriegs, nahm Ratner die bezahlte Rolle des Dekans der Architekurschule am Techion an. Gleichzeitig organisierte er ehrenamtlich den militärischen Widerstand der jüdischen Bevölkerung. Mein Argument wird sein, dass Ratners Fähigkeit, sich zwischen Architektur und Kriegsführung hin- und herzubewegen, darauf zurückzuführen ist, dass die Grundlage beider Dimensionen seines Schaffens in der Erkenntnistheorie der deutschen und russischen Moderne begründet waren. Während Ratner in der Architektur dem Übergang vom Historismus zum Modernismus im institutionellen Bauen der Architektur mit großem „A“ zugeschrieben wird, liegt sein weitaus größerer Einfluss vielleicht in den utilitaristischen Strukturen, den territorialen Strategien und der organisatorischen Infrastruktur, die er im Zuge seines ehrenamtlichen Engagements entwickelte und die sich zu einem zionistischen <em>Modus Operandi</em> verfestigten. Dieses eher unsichtbare architektonisch-militärische Œuvre zeigt, wie die von Ratner visionierten neuen „Formen der Beherrschung“ eine Kolonialität der Macht förderten, die das Ende des europäischen Kolonialismus nicht überdauerte, sondern ihm vielmehr vorausging<em>.</em>   </p>

<p>Der Vortrag findet auf Englisch statt. Eintritt frei, keine Anmeldung erforderlich.</p>

<p>Mitglieder der Architektenkammer Hessen (AKH) können bei Teilnahme 2 Fortbildungspunkte erwerben.</p>

<p>4. Februar 2026<br/>19 – 20.30 Uhr<br/>im Deutschen Architekturmuseum (DAM)<br/>Schaumainkai 43, 60596 Frankfurt</p>

<figure class="wp-block-image size-full"><img loading="lazy" decoding="async" width="2184" height="1920" src="https://organizingarchitectures.org/wp-content/uploads/Bild-Vortrag-Alona-Nitzan-Shiftan-c-Arenson-Built-Heritage-Research-Center-the-Technion.jpg" alt="" class="wp-image-1583" title="" srcset="https://organizingarchitectures.org/wp-content/uploads/Bild-Vortrag-Alona-Nitzan-Shiftan-c-Arenson-Built-Heritage-Research-Center-the-Technion.jpg 2184w, https://organizingarchitectures.org/wp-content/uploads/Bild-Vortrag-Alona-Nitzan-Shiftan-c-Arenson-Built-Heritage-Research-Center-the-Technion-480x422.jpg 480w, https://organizingarchitectures.org/wp-content/uploads/Bild-Vortrag-Alona-Nitzan-Shiftan-c-Arenson-Built-Heritage-Research-Center-the-Technion-640x563.jpg 640w, https://organizingarchitectures.org/wp-content/uploads/Bild-Vortrag-Alona-Nitzan-Shiftan-c-Arenson-Built-Heritage-Research-Center-the-Technion-720x633.jpg 720w, https://organizingarchitectures.org/wp-content/uploads/Bild-Vortrag-Alona-Nitzan-Shiftan-c-Arenson-Built-Heritage-Research-Center-the-Technion-960x844.jpg 960w, https://organizingarchitectures.org/wp-content/uploads/Bild-Vortrag-Alona-Nitzan-Shiftan-c-Arenson-Built-Heritage-Research-Center-the-Technion-1168x1027.jpg 1168w, https://organizingarchitectures.org/wp-content/uploads/Bild-Vortrag-Alona-Nitzan-Shiftan-c-Arenson-Built-Heritage-Research-Center-the-Technion-1440x1266.jpg 1440w, https://organizingarchitectures.org/wp-content/uploads/Bild-Vortrag-Alona-Nitzan-Shiftan-c-Arenson-Built-Heritage-Research-Center-the-Technion-1920x1688.jpg 1920w" sizes="auto, (max-width: 2184px) 100vw, 2184px" /><figcaption class="wp-element-caption">Die „Wissenschaftliche Abteilung” des Militärs, Titelblatt eines Katalogs mit dem Titel: „Die Ausstellung im Monat des Waffenstillstands (A) – Juni 1948”, gewidmet ihrem Gründer Prof. Y. Rather.<br/>(c) Arenson Built Heritage Research Center, the Technion</figcaption></figure>
