{"id":1027,"date":"2025-04-19T14:03:50","date_gmt":"2025-04-19T12:03:50","guid":{"rendered":"https:\/\/organizingarchitectures.org\/person\/pd-dr-peter-collin-2\/"},"modified":"2025-05-30T10:19:58","modified_gmt":"2025-05-30T08:19:58","slug":"pd-dr-peter-collin-2","status":"publish","type":"person","link":"https:\/\/organizingarchitectures.org\/de\/person\/pd-dr-peter-collin-2\/","title":{"rendered":"PD Dr. Peter Collin"},"content":{"rendered":"\n<p>Peter Collin ist seit 2008 als wissenschaftlicher Mitarbeiter am Max-Planck-Institut f\u00fcr Rechtsgeschichte und Rechtstheorie (ehemals Max-Planck-Institut f\u00fcr europ\u00e4ische Rechtsgeschichte) t\u00e4tig. Nach dem Studium der Rechtswissenschaft in Berlin (1987-1991) und dem Referendariat (1991-1994) war er von 1994 bis 1997 DFG-Stipendiat am Graduiertenkolleg f\u00fcr europ\u00e4ische Rechtsgeschichte in Frankfurt am Main. 1999 wurde er zu einem strafrechtshistorischen Thema an der Humboldt-Universit\u00e4t zu Berlin promoviert. Von 1997 bis 1999 war er in der juristischen Praxis t\u00e4tig, von 2000 bis 2008 als wissenschaftlicher Mitarbeiter und Wissenschaftlicher Assistent am Lehrstuhl f\u00fcr \u00d6ffentliches Recht und Europ\u00e4ische Verwaltungsgeschichte (Prof. Erk Volkmar Heyen) an der Ernst-Moritz-Arndt-Universit\u00e4t Greifswald. 2008 habilitierte er sich dort f\u00fcr \u00f6ffentliches Recht, neuere Rechts- und Verwaltungsgeschichte und Verwaltungswissenschaft.    <\/p>\n\n<p>E-Mail: collin@lhlt.mpg.de<\/p>\n\n<h2 class=\"wp-block-heading\">Forschungsinteresse<\/h2>\n\n<p>Recht determiniert und beeinflusst Architekturen in vielerlei Hinsicht: St\u00e4dtische Planungsnormen entscheiden dar\u00fcber, was wo gebaut werden darf. Architektengesetze legen fest, wer bauen darf.  <\/p>\n\n<p>Das Bauordnungsrecht macht nicht nur Vorgaben zu Abstandsfl\u00e4chen, Baustoffen, Mindestt\u00fcrbreiten etc., sondern regelt mit seinen Verunstaltungsverboten auch \u00e4sthetische Fragen. Architektenhonorarordnungen bestimmen mittelbar, welchen Aufwand Architekten wof\u00fcr leisten k\u00f6nnen. Jeder, der ein Haus bauen will, muss ein kompliziertes rechtlich geregeltes Prozedere durchlaufen. Auf der anderen Seite schafft Architektur selbst Normativit\u00e4t: Architekturen versinnbildlichen normative Vorstellungen. \u00dcber architektonische Anordnungen werden Zugangsrechte konstituiert und Benutzungen normiert. Dies alles l\u00e4sst sich historisch zur\u00fcckverfolgen. Ein intensiver Dialog von Architektur- und Rechtsgeschichte ist daher ein lohnendes Unterfangen.      <\/p>\n<div class=\"wp-block-image\">\n<figure class=\"aligncenter size-full is-resized\"><img loading=\"lazy\" decoding=\"async\" width=\"896\" height=\"1198\" src=\"https:\/\/organizingarchitectures.org\/wp-content\/uploads\/Collin_Peter_Projektbild_c-wikimedia-commons.jpg\" alt=\"Hobrecht-Plan f&#xFC;r Berlin (Ausschnitt Choriner Stra&#xDF;e) 1863\" class=\"wp-image-688\" style=\"width:428px;height:auto\" title=\"\" srcset=\"https:\/\/organizingarchitectures.org\/wp-content\/uploads\/Collin_Peter_Projektbild_c-wikimedia-commons.jpg 896w, https:\/\/organizingarchitectures.org\/wp-content\/uploads\/Collin_Peter_Projektbild_c-wikimedia-commons-480x642.jpg 480w, https:\/\/organizingarchitectures.org\/wp-content\/uploads\/Collin_Peter_Projektbild_c-wikimedia-commons-640x856.jpg 640w, https:\/\/organizingarchitectures.org\/wp-content\/uploads\/Collin_Peter_Projektbild_c-wikimedia-commons-720x963.jpg 720w\" sizes=\"auto, (max-width: 896px) 100vw, 896px\" \/><figcaption class=\"wp-element-caption\">Hobrecht-Plan f\u00fcr Berlin (Ausschnitt Choriner Stra\u00dfe) 1863, \u00a9 wikimedia commons<\/figcaption><\/figure>\n<\/div>","protected":false},"featured_media":880,"template":"","person_category":[43],"class_list":["post-1027","person","type-person","status-publish","has-post-thumbnail","hentry","person_category-principal-investigators-de"],"acf":[],"_links":{"self":[{"href":"https:\/\/organizingarchitectures.org\/de\/wp-json\/wp\/v2\/person\/1027","targetHints":{"allow":["GET"]}}],"collection":[{"href":"https:\/\/organizingarchitectures.org\/de\/wp-json\/wp\/v2\/person"}],"about":[{"href":"https:\/\/organizingarchitectures.org\/de\/wp-json\/wp\/v2\/types\/person"}],"wp:featuredmedia":[{"embeddable":true,"href":"https:\/\/organizingarchitectures.org\/de\/wp-json\/wp\/v2\/media\/880"}],"wp:attachment":[{"href":"https:\/\/organizingarchitectures.org\/de\/wp-json\/wp\/v2\/media?parent=1027"}],"wp:term":[{"taxonomy":"person_category","embeddable":true,"href":"https:\/\/organizingarchitectures.org\/de\/wp-json\/wp\/v2\/person_category?post=1027"}],"curies":[{"name":"wp","href":"https:\/\/api.w.org\/{rel}","templated":true}]}}

<p>Peter Collin ist seit 2008 als wissenschaftlicher Mitarbeiter am Max-Planck-Institut für Rechtsgeschichte und Rechtstheorie (ehemals Max-Planck-Institut für europäische Rechtsgeschichte) tätig. Nach dem Studium der Rechtswissenschaft in Berlin (1987-1991) und dem Referendariat (1991-1994) war er von 1994 bis 1997 DFG-Stipendiat am Graduiertenkolleg für europäische Rechtsgeschichte in Frankfurt am Main. 1999 wurde er zu einem strafrechtshistorischen Thema an der Humboldt-Universität zu Berlin promoviert. Von 1997 bis 1999 war er in der juristischen Praxis tätig, von 2000 bis 2008 als wissenschaftlicher Mitarbeiter und Wissenschaftlicher Assistent am Lehrstuhl für Öffentliches Recht und Europäische Verwaltungsgeschichte (Prof. Erk Volkmar Heyen) an der Ernst-Moritz-Arndt-Universität Greifswald. 2008 habilitierte er sich dort für öffentliches Recht, neuere Rechts- und Verwaltungsgeschichte und Verwaltungswissenschaft.    </p>

<p>E-Mail: collin@lhlt.mpg.de</p>

<h2 class="wp-block-heading">Forschungsinteresse</h2>

<p>Recht determiniert und beeinflusst Architekturen in vielerlei Hinsicht: Städtische Planungsnormen entscheiden darüber, was wo gebaut werden darf. Architektengesetze legen fest, wer bauen darf.  </p>

<p>Das Bauordnungsrecht macht nicht nur Vorgaben zu Abstandsflächen, Baustoffen, Mindesttürbreiten etc., sondern regelt mit seinen Verunstaltungsverboten auch ästhetische Fragen. Architektenhonorarordnungen bestimmen mittelbar, welchen Aufwand Architekten wofür leisten können. Jeder, der ein Haus bauen will, muss ein kompliziertes rechtlich geregeltes Prozedere durchlaufen. Auf der anderen Seite schafft Architektur selbst Normativität: Architekturen versinnbildlichen normative Vorstellungen. Über architektonische Anordnungen werden Zugangsrechte konstituiert und Benutzungen normiert. Dies alles lässt sich historisch zurückverfolgen. Ein intensiver Dialog von Architektur- und Rechtsgeschichte ist daher ein lohnendes Unterfangen.      </p>
<div class="wp-block-image">
<figure class="aligncenter size-full is-resized"><img loading="lazy" decoding="async" width="896" height="1198" src="https://organizingarchitectures.org/wp-content/uploads/Collin_Peter_Projektbild_c-wikimedia-commons.jpg" alt="Hobrecht-Plan f&#xFC;r Berlin (Ausschnitt Choriner Stra&#xDF;e) 1863" class="wp-image-688" style="width:428px;height:auto" title="" srcset="https://organizingarchitectures.org/wp-content/uploads/Collin_Peter_Projektbild_c-wikimedia-commons.jpg 896w, https://organizingarchitectures.org/wp-content/uploads/Collin_Peter_Projektbild_c-wikimedia-commons-480x642.jpg 480w, https://organizingarchitectures.org/wp-content/uploads/Collin_Peter_Projektbild_c-wikimedia-commons-640x856.jpg 640w, https://organizingarchitectures.org/wp-content/uploads/Collin_Peter_Projektbild_c-wikimedia-commons-720x963.jpg 720w" sizes="auto, (max-width: 896px) 100vw, 896px" /><figcaption class="wp-element-caption">Hobrecht-Plan für Berlin (Ausschnitt Choriner Straße) 1863, © wikimedia commons</figcaption></figure>
</div>
