{"id":1058,"date":"2025-04-19T13:41:18","date_gmt":"2025-04-19T11:41:18","guid":{"rendered":"https:\/\/organizingarchitectures.org\/?post_type=person&#038;p=1058"},"modified":"2025-05-30T10:33:41","modified_gmt":"2025-05-30T08:33:41","slug":"prof-dr-ing-annette-rudolph-cleff","status":"publish","type":"person","link":"https:\/\/organizingarchitectures.org\/de\/person\/prof-dr-ing-annette-rudolph-cleff\/","title":{"rendered":"Prof. Dr.-Ing. Annette Rudolph-Cleff"},"content":{"rendered":"\n<p>Annette Rudolph-Cleff, Prof. Dr.-Ing., ist seit 2006 Professorin f\u00fcr Entwerfen und Stadtentwicklung an der TU Darmstadt. Sie arbeitete als Architektin in ihrem eigenen B\u00fcro und f\u00fcr Jean Nouvel in Paris. Sie promovierte mit Auszeichnung an der Universit\u00e4t Karlsruhe. Mit dem Fokus auf energetische Quartierskonzepte und wassersensible Stadtgestaltung forscht sie zu Resilienzstrategien und Nachhaltigkeit. Im LOEWE-Zentrum emergenCITY leitet sie ein Projekt zu Inklusion und Integrationn in der digitalen resilienten Stadt. Sie ist Mitglied im Gestaltungsbeirat mehrerer deutscher St\u00e4dte (Baden-Baden, L\u00f6rrach, Pfullingen) und nimmt regelm\u00e4\u00dfig als Fachpreisrichterin an Architektur- und St\u00e4dtebauwettbewerben teil. Sie ist Mitglied in den Berufsverb\u00e4nden Architektenkammer BW, Deutscher Werkbund, Deutsche Akademie f\u00fcr St\u00e4dtebau und Landesplanung und im wissenschaftlichen Beirat der Zeitschrift \u201edie architekt\u201c des Bundes Deutscher Architektinnen und Architekten.<\/p>\n\n<p>E-Mail: rudolph@stadt.tu-darmstadt.de<\/p>\n\n<h2 class=\"wp-block-heading\">Forschungsinteresse<\/h2>\n\n<p>Mein Forschungsinteresse im DFG-Graduiertenkolleg \u201eArchitekturen organisieren\u201c gilt den komplexen Rahmenbedingungen architektonischen und st\u00e4dtebaulichen Entwerfens. Die Diskussion um Projekte verstellt oft den Blick auf die Prozesse, die hinter den Realisierungen stehen und in die Zukunft wirken. Das gilt f\u00fcr schwierige Kolonialarchitekturen ebenso wie f\u00fcr global gestylte Vorzeigearchitekturen im internationalen Wettbewerb. Die Frage, wie zukunftsweisende Konzepte entstehen, kann wohl nur beantwortet werden, wenn man die kritische Auseinandersetzung mit dem Einfluss sucht, den Institutionen, Netzwerke und \u00f6ffentliche Diskurse auf die Entstehung der gebauten Umwelt aus\u00fcben. Ich freue mich auf die interdisziplin\u00e4re Zusammenarbeit mit den Studierenden und KollegInnen und auf die gemeinsame Entdeckungsreise zu den bisher verborgenen Hintergr\u00fcnden architektonischer und st\u00e4dtebaulicher Projekte.    <\/p>\n<div class=\"wp-block-image\">\n<figure class=\"aligncenter size-full\"><img loading=\"lazy\" decoding=\"async\" width=\"1600\" height=\"1200\" src=\"https:\/\/organizingarchitectures.org\/wp-content\/uploads\/Rudolph-Cleff.jpg\" alt=\"Yik Cheong Building, Quarry Bay Hongkong\" class=\"wp-image-382\" title=\"\" srcset=\"https:\/\/organizingarchitectures.org\/wp-content\/uploads\/Rudolph-Cleff.jpg 1600w, https:\/\/organizingarchitectures.org\/wp-content\/uploads\/Rudolph-Cleff-480x360.jpg 480w, https:\/\/organizingarchitectures.org\/wp-content\/uploads\/Rudolph-Cleff-640x480.jpg 640w, https:\/\/organizingarchitectures.org\/wp-content\/uploads\/Rudolph-Cleff-720x540.jpg 720w, https:\/\/organizingarchitectures.org\/wp-content\/uploads\/Rudolph-Cleff-960x720.jpg 960w, https:\/\/organizingarchitectures.org\/wp-content\/uploads\/Rudolph-Cleff-1168x876.jpg 1168w, https:\/\/organizingarchitectures.org\/wp-content\/uploads\/Rudolph-Cleff-1440x1080.jpg 1440w\" sizes=\"auto, (max-width: 1600px) 100vw, 1600px\" \/><figcaption class=\"wp-element-caption\">Yik Cheong Building, Quarry Bay Hongkong, \u00a9 Annette Rudolph-Cleff <\/figcaption><\/figure>\n<\/div>","protected":false},"featured_media":932,"template":"","person_category":[43],"class_list":["post-1058","person","type-person","status-publish","has-post-thumbnail","hentry","person_category-principal-investigators-de"],"acf":[],"_links":{"self":[{"href":"https:\/\/organizingarchitectures.org\/de\/wp-json\/wp\/v2\/person\/1058","targetHints":{"allow":["GET"]}}],"collection":[{"href":"https:\/\/organizingarchitectures.org\/de\/wp-json\/wp\/v2\/person"}],"about":[{"href":"https:\/\/organizingarchitectures.org\/de\/wp-json\/wp\/v2\/types\/person"}],"wp:featuredmedia":[{"embeddable":true,"href":"https:\/\/organizingarchitectures.org\/de\/wp-json\/wp\/v2\/media\/932"}],"wp:attachment":[{"href":"https:\/\/organizingarchitectures.org\/de\/wp-json\/wp\/v2\/media?parent=1058"}],"wp:term":[{"taxonomy":"person_category","embeddable":true,"href":"https:\/\/organizingarchitectures.org\/de\/wp-json\/wp\/v2\/person_category?post=1058"}],"curies":[{"name":"wp","href":"https:\/\/api.w.org\/{rel}","templated":true}]}}

<p>Annette Rudolph-Cleff, Prof. Dr.-Ing., ist seit 2006 Professorin für Entwerfen und Stadtentwicklung an der TU Darmstadt. Sie arbeitete als Architektin in ihrem eigenen Büro und für Jean Nouvel in Paris. Sie promovierte mit Auszeichnung an der Universität Karlsruhe. Mit dem Fokus auf energetische Quartierskonzepte und wassersensible Stadtgestaltung forscht sie zu Resilienzstrategien und Nachhaltigkeit. Im LOEWE-Zentrum emergenCITY leitet sie ein Projekt zu Inklusion und Integrationn in der digitalen resilienten Stadt. Sie ist Mitglied im Gestaltungsbeirat mehrerer deutscher Städte (Baden-Baden, Lörrach, Pfullingen) und nimmt regelmäßig als Fachpreisrichterin an Architektur- und Städtebauwettbewerben teil. Sie ist Mitglied in den Berufsverbänden Architektenkammer BW, Deutscher Werkbund, Deutsche Akademie für Städtebau und Landesplanung und im wissenschaftlichen Beirat der Zeitschrift „die architekt“ des Bundes Deutscher Architektinnen und Architekten.</p>

<p>E-Mail: rudolph@stadt.tu-darmstadt.de</p>

<h2 class="wp-block-heading">Forschungsinteresse</h2>

<p>Mein Forschungsinteresse im DFG-Graduiertenkolleg „Architekturen organisieren“ gilt den komplexen Rahmenbedingungen architektonischen und städtebaulichen Entwerfens. Die Diskussion um Projekte verstellt oft den Blick auf die Prozesse, die hinter den Realisierungen stehen und in die Zukunft wirken. Das gilt für schwierige Kolonialarchitekturen ebenso wie für global gestylte Vorzeigearchitekturen im internationalen Wettbewerb. Die Frage, wie zukunftsweisende Konzepte entstehen, kann wohl nur beantwortet werden, wenn man die kritische Auseinandersetzung mit dem Einfluss sucht, den Institutionen, Netzwerke und öffentliche Diskurse auf die Entstehung der gebauten Umwelt ausüben. Ich freue mich auf die interdisziplinäre Zusammenarbeit mit den Studierenden und KollegInnen und auf die gemeinsame Entdeckungsreise zu den bisher verborgenen Hintergründen architektonischer und städtebaulicher Projekte.    </p>
<div class="wp-block-image">
<figure class="aligncenter size-full"><img loading="lazy" decoding="async" width="1600" height="1200" src="https://organizingarchitectures.org/wp-content/uploads/Rudolph-Cleff.jpg" alt="Yik Cheong Building, Quarry Bay Hongkong" class="wp-image-382" title="" srcset="https://organizingarchitectures.org/wp-content/uploads/Rudolph-Cleff.jpg 1600w, https://organizingarchitectures.org/wp-content/uploads/Rudolph-Cleff-480x360.jpg 480w, https://organizingarchitectures.org/wp-content/uploads/Rudolph-Cleff-640x480.jpg 640w, https://organizingarchitectures.org/wp-content/uploads/Rudolph-Cleff-720x540.jpg 720w, https://organizingarchitectures.org/wp-content/uploads/Rudolph-Cleff-960x720.jpg 960w, https://organizingarchitectures.org/wp-content/uploads/Rudolph-Cleff-1168x876.jpg 1168w, https://organizingarchitectures.org/wp-content/uploads/Rudolph-Cleff-1440x1080.jpg 1440w" sizes="auto, (max-width: 1600px) 100vw, 1600px" /><figcaption class="wp-element-caption">Yik Cheong Building, Quarry Bay Hongkong, © Annette Rudolph-Cleff </figcaption></figure>
</div>
