{"id":1068,"date":"2025-04-18T14:38:15","date_gmt":"2025-04-18T12:38:15","guid":{"rendered":"https:\/\/organizingarchitectures.org\/?post_type=person&#038;p=1068"},"modified":"2025-09-17T17:20:18","modified_gmt":"2025-09-17T15:20:18","slug":"lore-graf","status":"publish","type":"person","link":"https:\/\/organizingarchitectures.org\/de\/person\/lore-graf\/","title":{"rendered":"Lore Graf"},"content":{"rendered":"\n<p>Lore Graf hat Soziologie, Erziehungswissenschaften (B.A.) und Politikwissenschaften (M.A.) in Halle (Saale) und Kassel studiert. Als freiberufliche Autorin und Publizistin hat sie im Anschluss u.a. in der politischen Bildung gearbeitet. Nachdem sie \u00fcber zehn Jahre f\u00fcr Bewegungsfreiheit politisch aktiv war, wuchs ihr Interesse an l\u00e4ndlichen Lebensweisen und K\u00e4mpfen um Lebensgrundlagen in Griechenland, wo sie f\u00fcr l\u00e4ngere Zeit gelebt und die bedr\u00e4ngenden Auswirkungen des Klimawandels erfahren hat.  <\/p>\n\n<p>In ihrem aktuellen Projekt erkundet Lore Graf die Schnittstelle von Architektur und Sozialwissenschaften. Sie forscht zu &#8220;Architekturen des Bleibens&#8221; in Eub\u00f6a, Griechenland, wo in den letzten Jahren sowohl schwere Waldbr\u00e4nde als auch \u00dcberflutungen stattfanden. Es ist ihr ein Anliegen, die Perspektiven und Handlungen der lokalen Akteur:innen in diesem Setting zu verstehen. \u00dcberdies vermutet sie, dass \u00fcber offizielle Klima-Anpassungma\u00dfnahmen hinaus viel von den lokalen Bewohner:innen und ihrem Umgang mit der Natur und deren Gewalten gelernt werden kann. Als Stadtkind mit famili\u00e4ren Bez\u00fcgen zur Landwirtschaft findet sie es spannend, die Besonderheiten und Potenziale l\u00e4ndlicher R\u00e4ume jenseits ihrer Vernachl\u00e4ssigung in Urbanisierungsdiskursen zu erkunden.   <\/p>\n\n<p>E-Mail: graf@ifs.tu-darmstadt.de<\/p>\n","protected":false},"featured_media":935,"template":"","person_category":[41],"class_list":["post-1068","person","type-person","status-publish","has-post-thumbnail","hentry","person_category-phd-kandidaten"],"acf":[],"_links":{"self":[{"href":"https:\/\/organizingarchitectures.org\/de\/wp-json\/wp\/v2\/person\/1068","targetHints":{"allow":["GET"]}}],"collection":[{"href":"https:\/\/organizingarchitectures.org\/de\/wp-json\/wp\/v2\/person"}],"about":[{"href":"https:\/\/organizingarchitectures.org\/de\/wp-json\/wp\/v2\/types\/person"}],"wp:featuredmedia":[{"embeddable":true,"href":"https:\/\/organizingarchitectures.org\/de\/wp-json\/wp\/v2\/media\/935"}],"wp:attachment":[{"href":"https:\/\/organizingarchitectures.org\/de\/wp-json\/wp\/v2\/media?parent=1068"}],"wp:term":[{"taxonomy":"person_category","embeddable":true,"href":"https:\/\/organizingarchitectures.org\/de\/wp-json\/wp\/v2\/person_category?post=1068"}],"curies":[{"name":"wp","href":"https:\/\/api.w.org\/{rel}","templated":true}]}}

<p>Lore Graf hat Soziologie, Erziehungswissenschaften (B.A.) und Politikwissenschaften (M.A.) in Halle (Saale) und Kassel studiert. Als freiberufliche Autorin und Publizistin hat sie im Anschluss u.a. in der politischen Bildung gearbeitet. Nachdem sie über zehn Jahre für Bewegungsfreiheit politisch aktiv war, wuchs ihr Interesse an ländlichen Lebensweisen und Kämpfen um Lebensgrundlagen in Griechenland, wo sie für längere Zeit gelebt und die bedrängenden Auswirkungen des Klimawandels erfahren hat.  </p>

<p>In ihrem aktuellen Projekt erkundet Lore Graf die Schnittstelle von Architektur und Sozialwissenschaften. Sie forscht zu &#8220;Architekturen des Bleibens&#8221; in Euböa, Griechenland, wo in den letzten Jahren sowohl schwere Waldbrände als auch Überflutungen stattfanden. Es ist ihr ein Anliegen, die Perspektiven und Handlungen der lokalen Akteur:innen in diesem Setting zu verstehen. Überdies vermutet sie, dass über offizielle Klima-Anpassungmaßnahmen hinaus viel von den lokalen Bewohner:innen und ihrem Umgang mit der Natur und deren Gewalten gelernt werden kann. Als Stadtkind mit familiären Bezügen zur Landwirtschaft findet sie es spannend, die Besonderheiten und Potenziale ländlicher Räume jenseits ihrer Vernachlässigung in Urbanisierungsdiskursen zu erkunden.   </p>

<p>E-Mail: graf@ifs.tu-darmstadt.de</p>
