{"id":1121,"date":"2025-04-18T14:37:21","date_gmt":"2025-04-18T12:37:21","guid":{"rendered":"https:\/\/organizingarchitectures.org\/person\/gabriela-ornelas-2\/"},"modified":"2025-09-30T10:06:18","modified_gmt":"2025-09-30T08:06:18","slug":"gabriela-ornelas-2","status":"publish","type":"person","link":"https:\/\/organizingarchitectures.org\/de\/person\/gabriela-ornelas-2\/","title":{"rendered":"Gabriela Ornelas"},"content":{"rendered":"\n<p>Gabriela Ornelas ist Doktorandin am \u201eFachgebiet Entwerfen und Stadtplanung\u201c der Technischen Universit\u00e4t Darmstadt und Mitglied des DFG-Graduiertenkollegs \u201eOrganizing Architectures\u201c. Sie hat einen Abschluss in Architektur und Stadtplanung (2015) und einen Master in Humangeographie (2019) von der Bundesuniversit\u00e4t von Minas Gerais (UFMG) in Brasilien. Dort forschte sie dar\u00fcber, wie sich kulturelle und politische Ausdrucksformen in St\u00e4dten manifestieren und wie sich die Urbanisierungsbedingungen auf den sozialen Zusammenhalt in marginalisierten urbanen Gebieten auswirken. Zu Beginn ihres Berufslebens arbeitete Gabriela Ornelas im Bereich des Schutzes des kulturellen Erbes (2015-2019), am Wiederaufbauprozess nach der Katastrophe des Mariana-Staudamms (2019-2022) und als Assistenzprofessorin (2020). Ihre aktuelle Forschung untersucht den Zusammenhang zwischen politischem Verhalten und der Kopr\u00e4senz verschiedener ethnischer Gruppen im \u00f6ffentlichen Raum in Berlin.    <\/p>\n\n<p>E-Mail: gabriela.ornelas@tu-darmstadt.de<\/p>\n","protected":false},"featured_media":890,"template":"","person_category":[41],"class_list":["post-1121","person","type-person","status-publish","has-post-thumbnail","hentry","person_category-phd-kandidaten"],"acf":[],"_links":{"self":[{"href":"https:\/\/organizingarchitectures.org\/de\/wp-json\/wp\/v2\/person\/1121","targetHints":{"allow":["GET"]}}],"collection":[{"href":"https:\/\/organizingarchitectures.org\/de\/wp-json\/wp\/v2\/person"}],"about":[{"href":"https:\/\/organizingarchitectures.org\/de\/wp-json\/wp\/v2\/types\/person"}],"wp:featuredmedia":[{"embeddable":true,"href":"https:\/\/organizingarchitectures.org\/de\/wp-json\/wp\/v2\/media\/890"}],"wp:attachment":[{"href":"https:\/\/organizingarchitectures.org\/de\/wp-json\/wp\/v2\/media?parent=1121"}],"wp:term":[{"taxonomy":"person_category","embeddable":true,"href":"https:\/\/organizingarchitectures.org\/de\/wp-json\/wp\/v2\/person_category?post=1121"}],"curies":[{"name":"wp","href":"https:\/\/api.w.org\/{rel}","templated":true}]}}

<p>Gabriela Ornelas ist Doktorandin am „Fachgebiet Entwerfen und Stadtplanung“ der Technischen Universität Darmstadt und Mitglied des DFG-Graduiertenkollegs „Organizing Architectures“. Sie hat einen Abschluss in Architektur und Stadtplanung (2015) und einen Master in Humangeographie (2019) von der Bundesuniversität von Minas Gerais (UFMG) in Brasilien. Dort forschte sie darüber, wie sich kulturelle und politische Ausdrucksformen in Städten manifestieren und wie sich die Urbanisierungsbedingungen auf den sozialen Zusammenhalt in marginalisierten urbanen Gebieten auswirken. Zu Beginn ihres Berufslebens arbeitete Gabriela Ornelas im Bereich des Schutzes des kulturellen Erbes (2015-2019), am Wiederaufbauprozess nach der Katastrophe des Mariana-Staudamms (2019-2022) und als Assistenzprofessorin (2020). Ihre aktuelle Forschung untersucht den Zusammenhang zwischen politischem Verhalten und der Kopräsenz verschiedener ethnischer Gruppen im öffentlichen Raum in Berlin.    </p>

<p>E-Mail: gabriela.ornelas@tu-darmstadt.de</p>
