{"id":1218,"date":"2025-06-04T14:11:06","date_gmt":"2025-06-04T12:11:06","guid":{"rendered":"https:\/\/organizingarchitectures.org\/person\/prof-dr-philip-ursprung-2\/"},"modified":"2025-09-15T12:15:16","modified_gmt":"2025-09-15T10:15:16","slug":"prof-dr-philip-ursprung-2","status":"publish","type":"person","link":"https:\/\/organizingarchitectures.org\/de\/person\/prof-dr-philip-ursprung-2\/","title":{"rendered":"Prof. Dr. Philip Ursprung"},"content":{"rendered":"\n<p>Philip Ursprung ist seit 2011 Professor f\u00fcr Kunst- und Architekturgeschichte an der ETH Z\u00fcrich, wo er von 2017 bis 2019 dem Departement Architektur vorstand und seit 2024 das Institut gta leitet. Er lehrte und forschte unter anderem in Genf, Z\u00fcrich, Berlin, New York, Barcelona und Singapur mit Stationen an Institutionen wie der ETH Z\u00fcrich, der Columbia University und der Cornell University. Zu seinen Auszeichnungen z\u00e4hlen die Goldene Eule der ETH-Studierenden (2013), der Prix Meret Oppenheim des Bundesamts f\u00fcr Kultur (2017) sowie die Vertretung der Schweiz bei der 18. Architekturbiennale in Venedig gemeinsam mit Karin Sander (2023).  <\/p>\n\n<p><\/p>\n","protected":false},"featured_media":1187,"template":"","person_category":[46],"class_list":["post-1218","person","type-person","status-publish","has-post-thumbnail","hentry","person_category-gaeste"],"acf":[],"_links":{"self":[{"href":"https:\/\/organizingarchitectures.org\/de\/wp-json\/wp\/v2\/person\/1218","targetHints":{"allow":["GET"]}}],"collection":[{"href":"https:\/\/organizingarchitectures.org\/de\/wp-json\/wp\/v2\/person"}],"about":[{"href":"https:\/\/organizingarchitectures.org\/de\/wp-json\/wp\/v2\/types\/person"}],"wp:featuredmedia":[{"embeddable":true,"href":"https:\/\/organizingarchitectures.org\/de\/wp-json\/wp\/v2\/media\/1187"}],"wp:attachment":[{"href":"https:\/\/organizingarchitectures.org\/de\/wp-json\/wp\/v2\/media?parent=1218"}],"wp:term":[{"taxonomy":"person_category","embeddable":true,"href":"https:\/\/organizingarchitectures.org\/de\/wp-json\/wp\/v2\/person_category?post=1218"}],"curies":[{"name":"wp","href":"https:\/\/api.w.org\/{rel}","templated":true}]}}

<p>Philip Ursprung ist seit 2011 Professor für Kunst- und Architekturgeschichte an der ETH Zürich, wo er von 2017 bis 2019 dem Departement Architektur vorstand und seit 2024 das Institut gta leitet. Er lehrte und forschte unter anderem in Genf, Zürich, Berlin, New York, Barcelona und Singapur mit Stationen an Institutionen wie der ETH Zürich, der Columbia University und der Cornell University. Zu seinen Auszeichnungen zählen die Goldene Eule der ETH-Studierenden (2013), der Prix Meret Oppenheim des Bundesamts für Kultur (2017) sowie die Vertretung der Schweiz bei der 18. Architekturbiennale in Venedig gemeinsam mit Karin Sander (2023).  </p>

<p></p>
