{"id":987,"date":"2025-04-19T14:28:17","date_gmt":"2025-04-19T12:28:17","guid":{"rendered":"https:\/\/organizingarchitectures.org\/person\/friederike-weidner-2\/"},"modified":"2025-05-30T09:06:22","modified_gmt":"2025-05-30T07:06:22","slug":"friederike-weidner","status":"publish","type":"person","link":"https:\/\/organizingarchitectures.org\/de\/person\/friederike-weidner\/","title":{"rendered":"Friederike Weidner"},"content":{"rendered":"\n<p>Friederike Weidner studierte Dramaturgie und Neuere deutsche Literatur an der Bayerischen Theaterakademie und der LMU M\u00fcnchen sowie Philosophie an der Goethe-Universit\u00e4t Frankfurt am Main. Als Produktionsdramaturgin und Mitglied der k\u00fcnstlerischen Leitung war sie von 2013 bis 2017 am Theaterhaus Jena engagiert. Von 2019 bis 2020 betreute sie als freie Redakteurin die Sendung \u201eAuf ein Wort&#8230;\u201c mit Michel Friedman bei der Deutschen Welle. Von 2020 bis 2023 war Friederike Weidner als Vorstandsassistentin und Projektleiterin des Artist-in-Residence-Programms \u201eArtNature\/NatureArt\u201c bei der Crespo Foundation Frankfurt besch\u00e4ftigt.   <\/p>\n\n<p>Als freiberufliche Dramaturgin entwickelt und betreut sie Theater-\/Performanceprojekte und interdisziplin\u00e4re Formate u.a. an den Berliner Festspielen, am Stadttheater Bremerhaven, am Staatstheater Darmstadt, an den Landungsbr\u00fccken Frankfurt und der SCHIRN Kunsthalle Frankfurt.<\/p>\n\n<p>Seit November 2024 ist Friederike Weidner als wissenschaftlich-administrative Koordinatorin des Graduiertenkollegs \u201eOrganizing Architectures\u201c an der Goethe-Universit\u00e4t in Frankfurt t\u00e4tig.<\/p>\n\n<p>E-Mail: f.weidner@kunst.uni-frankfurt.de<br\/>Telefon: +49 174 \/ 1824574<\/p>\n","protected":false},"featured_media":936,"template":"","person_category":[39],"class_list":["post-987","person","type-person","status-publish","has-post-thumbnail","hentry","person_category-koordinator-in"],"acf":[],"_links":{"self":[{"href":"https:\/\/organizingarchitectures.org\/de\/wp-json\/wp\/v2\/person\/987","targetHints":{"allow":["GET"]}}],"collection":[{"href":"https:\/\/organizingarchitectures.org\/de\/wp-json\/wp\/v2\/person"}],"about":[{"href":"https:\/\/organizingarchitectures.org\/de\/wp-json\/wp\/v2\/types\/person"}],"wp:featuredmedia":[{"embeddable":true,"href":"https:\/\/organizingarchitectures.org\/de\/wp-json\/wp\/v2\/media\/936"}],"wp:attachment":[{"href":"https:\/\/organizingarchitectures.org\/de\/wp-json\/wp\/v2\/media?parent=987"}],"wp:term":[{"taxonomy":"person_category","embeddable":true,"href":"https:\/\/organizingarchitectures.org\/de\/wp-json\/wp\/v2\/person_category?post=987"}],"curies":[{"name":"wp","href":"https:\/\/api.w.org\/{rel}","templated":true}]}}

<p>Friederike Weidner studierte Dramaturgie und Neuere deutsche Literatur an der Bayerischen Theaterakademie und der LMU München sowie Philosophie an der Goethe-Universität Frankfurt am Main. Als Produktionsdramaturgin und Mitglied der künstlerischen Leitung war sie von 2013 bis 2017 am Theaterhaus Jena engagiert. Von 2019 bis 2020 betreute sie als freie Redakteurin die Sendung „Auf ein Wort&#8230;“ mit Michel Friedman bei der Deutschen Welle. Von 2020 bis 2023 war Friederike Weidner als Vorstandsassistentin und Projektleiterin des Artist-in-Residence-Programms „ArtNature/NatureArt“ bei der Crespo Foundation Frankfurt beschäftigt.   </p>

<p>Als freiberufliche Dramaturgin entwickelt und betreut sie Theater-/Performanceprojekte und interdisziplinäre Formate u.a. an den Berliner Festspielen, am Stadttheater Bremerhaven, am Staatstheater Darmstadt, an den Landungsbrücken Frankfurt und der SCHIRN Kunsthalle Frankfurt.</p>

<p>Seit November 2024 ist Friederike Weidner als wissenschaftlich-administrative Koordinatorin des Graduiertenkollegs „Organizing Architectures“ an der Goethe-Universität in Frankfurt tätig.</p>

<p>E-Mail: f.weidner@kunst.uni-frankfurt.de<br/>Telefon: +49 174 / 1824574</p>
