{"id":994,"date":"2025-04-19T14:29:11","date_gmt":"2025-04-19T12:29:11","guid":{"rendered":"https:\/\/organizingarchitectures.org\/person\/prof-dr-sybille-frank-2\/"},"modified":"2025-09-15T12:09:20","modified_gmt":"2025-09-15T10:09:20","slug":"prof-dr-sybille-frank","status":"publish","type":"person","link":"https:\/\/organizingarchitectures.org\/de\/person\/prof-dr-sybille-frank\/","title":{"rendered":"Prof. Dr. Sybille Frank"},"content":{"rendered":"\n<p>Prof. Dr. Sybille Frank ist Professorin f\u00fcr Stadt- und Raumsoziologie an der Technischen Universit\u00e4t Darmstadt. Sie hat an der Goethe-Universit\u00e4t Frankfurt und der Technischen Universit\u00e4t Berlin gelehrt und war La Sapienza-Gastprofessorin an der Universit\u00e0 di Roma La Sapienza und Gastprofessorin der Stadt Wien f\u00fcr Stadtkultur und \u00f6ffentlichen Raum an der TU Wien. Ihre Forschung konzentriert sich auf Konflikte des gebauten Raums, Orte, Tourismus und Kulturerbe sowie st\u00e4dtische Gewalt. Zu ihren j\u00fcngsten Ver\u00f6ffentlichungen geh\u00f6ren die von ihr mit herausgegebenen B\u00fccher    <em>Unsettled Urban Space. Routines, Temporalities and Contestations  <\/em>(2023); <em>The Power of New Urban Tourism. Spaces, Representations and Contestations <\/em> <em>\u201eUrban Heritage in Divided Cities: Contested Pasts\u201c<\/em> (2020), eine mit herausgegebene Sonderausgabe der Zeitschrift <em>\u201eCity\u201d<\/em> zum Thema <em>Urban Fallism. Monuments, Iconoclasm and Activism <\/em> (2020) und eine Monographie <em>Wall Memorials and Heritage: The Heritage Industry of Berlin\u2019s Checkpoint Charlie <\/em>(2016).<\/p>\n\n<p>E-Mail: sybille.frank@tu-darmstadt.de<\/p>\n<div class=\"wp-block-image\">\n<figure class=\"aligncenter size-full is-resized\"><img loading=\"lazy\" decoding=\"async\" width=\"1024\" height=\"683\" src=\"https:\/\/organizingarchitectures.org\/wp-content\/uploads\/Frank_Sybille_Projektbild-1_Checkpoint-Charlie.jpg\" alt=\"Posieren vor der Nachbildung der ehemaligen Grenzkontrollkabine am Checkpoint Charlie, Berlin, mit als Grenzsoldaten verkleideten privaten Kulturunternehmern\" class=\"wp-image-692\" style=\"width:562px;height:auto\" title=\"\" srcset=\"https:\/\/organizingarchitectures.org\/wp-content\/uploads\/Frank_Sybille_Projektbild-1_Checkpoint-Charlie.jpg 1024w, https:\/\/organizingarchitectures.org\/wp-content\/uploads\/Frank_Sybille_Projektbild-1_Checkpoint-Charlie-480x320.jpg 480w, https:\/\/organizingarchitectures.org\/wp-content\/uploads\/Frank_Sybille_Projektbild-1_Checkpoint-Charlie-640x427.jpg 640w, https:\/\/organizingarchitectures.org\/wp-content\/uploads\/Frank_Sybille_Projektbild-1_Checkpoint-Charlie-720x480.jpg 720w, https:\/\/organizingarchitectures.org\/wp-content\/uploads\/Frank_Sybille_Projektbild-1_Checkpoint-Charlie-960x640.jpg 960w\" sizes=\"auto, (max-width: 1024px) 100vw, 1024px\" \/><figcaption class=\"wp-element-caption\">Posieren vor dem Nachbau der ehemaligen Grenzkontrollkabine am Checkpoint Charlie, Berlin, mit als Grenzsoldaten verkleideten privaten Kulturunternehmern, \u00a9 Fred Romero 2016, CC BY 2.0<\/figcaption><\/figure>\n<\/div>\n<h2 class=\"wp-block-heading\">Forschungsinteresse<\/h2>\n\n<p>Mein Forschungsinteresse gilt dem Schnittfeld von soziologischer Stadt-, Raum- und Erinnerungsforschung. Mein Fokus liegt dabei auf der Frage, welche Vergangenheiten in urbanen R\u00e4umen erinnert oder beschwiegen werden, und welche Rolle gebaute Strukturen dabei spielen. Mich interessiert, wie sich Erinnerungen im urbanen Raum materiell manifestieren, und wie diese Architekturen Identit\u00e4ten erschaffen, vermitteln, aber auch \u00fcberdecken oder ausl\u00f6schen k\u00f6nnen. Da Erinnerungen und Identit\u00e4ten immer mit bestimmten sozialen Gruppen verbunden sind, lassen sich hier\u00fcber auch Machtverh\u00e4ltnisse und Fragen der sozialen In- und Exklusion dieser Gruppen untersuchen. Konkret besch\u00e4ftige ich mich vor allem mit Konflikten um \u201aschwieriges Erbe\u2018 (\u201adifficult heritage\u2018). Ich habe zu Architekturen in (ehemals) geteilten St\u00e4dten, zu (einstigen) Grenzen, zur Zerst\u00f6rung von Denkm\u00e4lern, zur Erinnerung an terroristische Gewalt und zu Stra\u00dfennamen geforscht, die Stra\u00dfenz\u00fcge mit umstrittenen Erinnerungen verbinden.    <\/p>\n<div class=\"wp-block-image\">\n<figure class=\"aligncenter size-full is-resized\"><img loading=\"lazy\" decoding=\"async\" width=\"1200\" height=\"800\" src=\"https:\/\/organizingarchitectures.org\/wp-content\/uploads\/Frank_Sybille_-Projektbild-2_Monumento-plaza.jpg\" alt=\"Demonstrationen auf der Plaza Baquedano, Santiago de Chile, gegen das Denkmal f&#xFC;r General Manuel Baquedano, das heute ein Symbol f&#xFC;r die gro&#xDF;e soziale und wirtschaftliche Ungleichheit in der chilenischen Gesellschaft ist\" class=\"wp-image-693\" style=\"width:622px;height:auto\" title=\"\" srcset=\"https:\/\/organizingarchitectures.org\/wp-content\/uploads\/Frank_Sybille_-Projektbild-2_Monumento-plaza.jpg 1200w, https:\/\/organizingarchitectures.org\/wp-content\/uploads\/Frank_Sybille_-Projektbild-2_Monumento-plaza-480x320.jpg 480w, https:\/\/organizingarchitectures.org\/wp-content\/uploads\/Frank_Sybille_-Projektbild-2_Monumento-plaza-640x427.jpg 640w, https:\/\/organizingarchitectures.org\/wp-content\/uploads\/Frank_Sybille_-Projektbild-2_Monumento-plaza-720x480.jpg 720w, https:\/\/organizingarchitectures.org\/wp-content\/uploads\/Frank_Sybille_-Projektbild-2_Monumento-plaza-960x640.jpg 960w, https:\/\/organizingarchitectures.org\/wp-content\/uploads\/Frank_Sybille_-Projektbild-2_Monumento-plaza-1168x779.jpg 1168w\" sizes=\"auto, (max-width: 1200px) 100vw, 1200px\" \/><figcaption class=\"wp-element-caption\">Demonstrationen auf der Plaza Baquedano, Santiago de Chile, gegen das Denkmal f\u00fcr General Manuel Baquedano, das heute ein Symbol f\u00fcr die gro\u00dfe soziale und wirtschaftliche Ungleichheit in der chilenischen Gesellschaft ist, \u00a9 BarbyBox 2019, CC BY-SA 4.0<\/figcaption><\/figure>\n<\/div>\n<p><\/p>\n\n<p><\/p>\n","protected":false},"featured_media":930,"template":"","person_category":[43,40],"class_list":["post-994","person","type-person","status-publish","has-post-thumbnail","hentry","person_category-principal-investigators-de","person_category-direktoren"],"acf":[],"_links":{"self":[{"href":"https:\/\/organizingarchitectures.org\/de\/wp-json\/wp\/v2\/person\/994","targetHints":{"allow":["GET"]}}],"collection":[{"href":"https:\/\/organizingarchitectures.org\/de\/wp-json\/wp\/v2\/person"}],"about":[{"href":"https:\/\/organizingarchitectures.org\/de\/wp-json\/wp\/v2\/types\/person"}],"wp:featuredmedia":[{"embeddable":true,"href":"https:\/\/organizingarchitectures.org\/de\/wp-json\/wp\/v2\/media\/930"}],"wp:attachment":[{"href":"https:\/\/organizingarchitectures.org\/de\/wp-json\/wp\/v2\/media?parent=994"}],"wp:term":[{"taxonomy":"person_category","embeddable":true,"href":"https:\/\/organizingarchitectures.org\/de\/wp-json\/wp\/v2\/person_category?post=994"}],"curies":[{"name":"wp","href":"https:\/\/api.w.org\/{rel}","templated":true}]}}

<p>Prof. Dr. Sybille Frank ist Professorin für Stadt- und Raumsoziologie an der Technischen Universität Darmstadt. Sie hat an der Goethe-Universität Frankfurt und der Technischen Universität Berlin gelehrt und war La Sapienza-Gastprofessorin an der Università di Roma La Sapienza und Gastprofessorin der Stadt Wien für Stadtkultur und öffentlichen Raum an der TU Wien. Ihre Forschung konzentriert sich auf Konflikte des gebauten Raums, Orte, Tourismus und Kulturerbe sowie städtische Gewalt. Zu ihren jüngsten Veröffentlichungen gehören die von ihr mit herausgegebenen Bücher    <em>Unsettled Urban Space. Routines, Temporalities and Contestations  </em>(2023); <em>The Power of New Urban Tourism. Spaces, Representations and Contestations </em> <em>„Urban Heritage in Divided Cities: Contested Pasts“</em> (2020), eine mit herausgegebene Sonderausgabe der Zeitschrift <em>„City”</em> zum Thema <em>Urban Fallism. Monuments, Iconoclasm and Activism </em> (2020) und eine Monographie <em>Wall Memorials and Heritage: The Heritage Industry of Berlin’s Checkpoint Charlie </em>(2016).</p>

<p>E-Mail: sybille.frank@tu-darmstadt.de</p>
<div class="wp-block-image">
<figure class="aligncenter size-full is-resized"><img loading="lazy" decoding="async" width="1024" height="683" src="https://organizingarchitectures.org/wp-content/uploads/Frank_Sybille_Projektbild-1_Checkpoint-Charlie.jpg" alt="Posieren vor der Nachbildung der ehemaligen Grenzkontrollkabine am Checkpoint Charlie, Berlin, mit als Grenzsoldaten verkleideten privaten Kulturunternehmern" class="wp-image-692" style="width:562px;height:auto" title="" srcset="https://organizingarchitectures.org/wp-content/uploads/Frank_Sybille_Projektbild-1_Checkpoint-Charlie.jpg 1024w, https://organizingarchitectures.org/wp-content/uploads/Frank_Sybille_Projektbild-1_Checkpoint-Charlie-480x320.jpg 480w, https://organizingarchitectures.org/wp-content/uploads/Frank_Sybille_Projektbild-1_Checkpoint-Charlie-640x427.jpg 640w, https://organizingarchitectures.org/wp-content/uploads/Frank_Sybille_Projektbild-1_Checkpoint-Charlie-720x480.jpg 720w, https://organizingarchitectures.org/wp-content/uploads/Frank_Sybille_Projektbild-1_Checkpoint-Charlie-960x640.jpg 960w" sizes="auto, (max-width: 1024px) 100vw, 1024px" /><figcaption class="wp-element-caption">Posieren vor dem Nachbau der ehemaligen Grenzkontrollkabine am Checkpoint Charlie, Berlin, mit als Grenzsoldaten verkleideten privaten Kulturunternehmern, © Fred Romero 2016, CC BY 2.0</figcaption></figure>
</div>
<h2 class="wp-block-heading">Forschungsinteresse</h2>

<p>Mein Forschungsinteresse gilt dem Schnittfeld von soziologischer Stadt-, Raum- und Erinnerungsforschung. Mein Fokus liegt dabei auf der Frage, welche Vergangenheiten in urbanen Räumen erinnert oder beschwiegen werden, und welche Rolle gebaute Strukturen dabei spielen. Mich interessiert, wie sich Erinnerungen im urbanen Raum materiell manifestieren, und wie diese Architekturen Identitäten erschaffen, vermitteln, aber auch überdecken oder auslöschen können. Da Erinnerungen und Identitäten immer mit bestimmten sozialen Gruppen verbunden sind, lassen sich hierüber auch Machtverhältnisse und Fragen der sozialen In- und Exklusion dieser Gruppen untersuchen. Konkret beschäftige ich mich vor allem mit Konflikten um ‚schwieriges Erbe‘ (‚difficult heritage‘). Ich habe zu Architekturen in (ehemals) geteilten Städten, zu (einstigen) Grenzen, zur Zerstörung von Denkmälern, zur Erinnerung an terroristische Gewalt und zu Straßennamen geforscht, die Straßenzüge mit umstrittenen Erinnerungen verbinden.    </p>
<div class="wp-block-image">
<figure class="aligncenter size-full is-resized"><img loading="lazy" decoding="async" width="1200" height="800" src="https://organizingarchitectures.org/wp-content/uploads/Frank_Sybille_-Projektbild-2_Monumento-plaza.jpg" alt="Demonstrationen auf der Plaza Baquedano, Santiago de Chile, gegen das Denkmal f&#xFC;r General Manuel Baquedano, das heute ein Symbol f&#xFC;r die gro&#xDF;e soziale und wirtschaftliche Ungleichheit in der chilenischen Gesellschaft ist" class="wp-image-693" style="width:622px;height:auto" title="" srcset="https://organizingarchitectures.org/wp-content/uploads/Frank_Sybille_-Projektbild-2_Monumento-plaza.jpg 1200w, https://organizingarchitectures.org/wp-content/uploads/Frank_Sybille_-Projektbild-2_Monumento-plaza-480x320.jpg 480w, https://organizingarchitectures.org/wp-content/uploads/Frank_Sybille_-Projektbild-2_Monumento-plaza-640x427.jpg 640w, https://organizingarchitectures.org/wp-content/uploads/Frank_Sybille_-Projektbild-2_Monumento-plaza-720x480.jpg 720w, https://organizingarchitectures.org/wp-content/uploads/Frank_Sybille_-Projektbild-2_Monumento-plaza-960x640.jpg 960w, https://organizingarchitectures.org/wp-content/uploads/Frank_Sybille_-Projektbild-2_Monumento-plaza-1168x779.jpg 1168w" sizes="auto, (max-width: 1200px) 100vw, 1200px" /><figcaption class="wp-element-caption">Demonstrationen auf der Plaza Baquedano, Santiago de Chile, gegen das Denkmal für General Manuel Baquedano, das heute ein Symbol für die große soziale und wirtschaftliche Ungleichheit in der chilenischen Gesellschaft ist, © BarbyBox 2019, CC BY-SA 4.0</figcaption></figure>
</div>
<p></p>

<p></p>
