{"id":1145,"date":"2025-04-19T15:24:27","date_gmt":"2025-04-19T13:24:27","guid":{"rendered":"https:\/\/organizingarchitectures.org\/project\/architekturen-des-bleibens-in-der-transapokalypse\/"},"modified":"2025-10-27T10:37:54","modified_gmt":"2025-10-27T09:37:54","slug":"architekturen-des-bleibens-in-der-transapokalypse","status":"publish","type":"project","link":"https:\/\/organizingarchitectures.org\/de\/project\/architekturen-des-bleibens-in-der-transapokalypse\/","title":{"rendered":"Architekturen des Bleibens"},"content":{"rendered":"\n<p>Bei schweren Waldbr\u00e4nden in Griechenland ging 2021 fast ein Viertel der Insel Eub\u00f6a in Flammen auf. Zwei Jahre sp\u00e4ter \u00fcberflutete Sturmtief Daniel das verbrannte Gebiet. Klimabedingt spielen die Jahreszeiten verr\u00fcckt, D\u00fcrre und Hitze werden zur Norm. Gerade in dieser von der Landwirtschaft gepr\u00e4gten Gegend ist die Zukunft mehr als ungewiss. Doch viele Menschen bleiben in den D\u00f6rfern, k\u00e4mpfen um ihr Dasein und ihr Einkommen. Das Leben geht irgendwie weiter. Doch wie eigentlich genau? In einer ethnografischen Untersuchung soll den allt\u00e4glichen Bem\u00fchungen der Dorfbewohner*innen nachgegangen werden. Wie gehen sie praktisch mit der Situation um? Bew\u00e4ltigen sie die katastrophalen Umst\u00e4nde, (wie) finden sie trotz der ungewissen Zukunftsaussichten Zuversicht? Lassen sich hier Architekturen des Bleibens identifizieren \u2013 derjenigen, die bleiben, sowie Architekturen, die ein Bleiben erm\u00f6glichen?         <\/p>\n<div class=\"wp-block-image\">\n<figure class=\"aligncenter size-full is-resized\"><img loading=\"lazy\" decoding=\"async\" width=\"900\" height=\"1200\" src=\"https:\/\/organizingarchitectures.org\/wp-content\/uploads\/lore.jpg\" alt=\"Das Foto zeigt einen Olivenbaum auf einem Feld. Der Baum ist von innen hohl und von au&#xDF;en teilweise verkohlt. Der Baum tr&#xE4;gt Bl&#xE4;tter und einzelne Oliven.  \" class=\"wp-image-379\" style=\"aspect-ratio:1;width:504px;height:auto\" title=\"\" srcset=\"https:\/\/organizingarchitectures.org\/wp-content\/uploads\/lore.jpg 900w, https:\/\/organizingarchitectures.org\/wp-content\/uploads\/lore-480x640.jpg 480w, https:\/\/organizingarchitectures.org\/wp-content\/uploads\/lore-640x853.jpg 640w, https:\/\/organizingarchitectures.org\/wp-content\/uploads\/lore-720x960.jpg 720w\" sizes=\"auto, (max-width: 900px) 100vw, 900px\" \/><figcaption class=\"wp-element-caption\">Mit den Verw\u00fcstungen leben, die das Feuer anrichtet: Auch wenn dieser Olivenbaum ausgebrannt ist, treibt er aus und tr\u00e4gt Fr\u00fcchte. Eub\u00f6a, Griechenland, Oktober 2024, \u00a9 Lore Graf <\/figcaption><\/figure>\n<\/div>\n<p>Angesichts des gesellschaftlichen Ringens um Land und Lebensgrundlagen in Nordeub\u00f6a wirft das Projekt eine aktuelle Frage auf: Wie wird das Zusammenleben und das Bewohnen der Katastrophe sozial, \u00f6kologisch, materiell und r\u00e4umlich organisiert, insbesondere von denjenigen, die nah an der Natur und ihrer Kr\u00e4fte leben und arbeiten? Indem es nach den \u00d6kologien wie nach dem Sozialen fragt, nach dem (allt\u00e4glichen) Materiellen wie dem Politischen, schl\u00e4gt das Projekt eine Br\u00fccke zwischen den Disziplinen Soziologie, Architekturforschung, Geografie und Stadtplanung. Dadurch erg\u00e4nzt es das Graduiertenkolleg \u201eArchitekturen Organisieren\u201c um eine l\u00e4ndliche und affektzentrierte Perspektive. Die Forschung besch\u00e4ftigt sich damit auch mit der Frage, wie in transapokalyptischen l\u00e4ndlichen R\u00e4umen progressive Zuk\u00fcnfte vorstellbar werden k\u00f6nnen.  <\/p>\n\n<p><\/p>\n","protected":false},"featured_media":910,"template":"","meta":{"_acf_changed":false},"project_category":[36],"class_list":["post-1145","project","type-project","status-publish","has-post-thumbnail","hentry","project_category-phd-projekte"],"acf":[],"_links":{"self":[{"href":"https:\/\/organizingarchitectures.org\/de\/wp-json\/wp\/v2\/project\/1145","targetHints":{"allow":["GET"]}}],"collection":[{"href":"https:\/\/organizingarchitectures.org\/de\/wp-json\/wp\/v2\/project"}],"about":[{"href":"https:\/\/organizingarchitectures.org\/de\/wp-json\/wp\/v2\/types\/project"}],"wp:featuredmedia":[{"embeddable":true,"href":"https:\/\/organizingarchitectures.org\/de\/wp-json\/wp\/v2\/media\/910"}],"wp:attachment":[{"href":"https:\/\/organizingarchitectures.org\/de\/wp-json\/wp\/v2\/media?parent=1145"}],"wp:term":[{"taxonomy":"project_category","embeddable":true,"href":"https:\/\/organizingarchitectures.org\/de\/wp-json\/wp\/v2\/project_category?post=1145"}],"curies":[{"name":"wp","href":"https:\/\/api.w.org\/{rel}","templated":true}]}}

<p>Bei schweren Waldbränden in Griechenland ging 2021 fast ein Viertel der Insel Euböa in Flammen auf. Zwei Jahre später überflutete Sturmtief Daniel das verbrannte Gebiet. Klimabedingt spielen die Jahreszeiten verrückt, Dürre und Hitze werden zur Norm. Gerade in dieser von der Landwirtschaft geprägten Gegend ist die Zukunft mehr als ungewiss. Doch viele Menschen bleiben in den Dörfern, kämpfen um ihr Dasein und ihr Einkommen. Das Leben geht irgendwie weiter. Doch wie eigentlich genau? In einer ethnografischen Untersuchung soll den alltäglichen Bemühungen der Dorfbewohner*innen nachgegangen werden. Wie gehen sie praktisch mit der Situation um? Bewältigen sie die katastrophalen Umstände, (wie) finden sie trotz der ungewissen Zukunftsaussichten Zuversicht? Lassen sich hier Architekturen des Bleibens identifizieren – derjenigen, die bleiben, sowie Architekturen, die ein Bleiben ermöglichen?         </p>
<div class="wp-block-image">
<figure class="aligncenter size-full is-resized"><img loading="lazy" decoding="async" width="900" height="1200" src="https://organizingarchitectures.org/wp-content/uploads/lore.jpg" alt="Das Foto zeigt einen Olivenbaum auf einem Feld. Der Baum ist von innen hohl und von au&#xDF;en teilweise verkohlt. Der Baum tr&#xE4;gt Bl&#xE4;tter und einzelne Oliven.  " class="wp-image-379" style="aspect-ratio:1;width:504px;height:auto" title="" srcset="https://organizingarchitectures.org/wp-content/uploads/lore.jpg 900w, https://organizingarchitectures.org/wp-content/uploads/lore-480x640.jpg 480w, https://organizingarchitectures.org/wp-content/uploads/lore-640x853.jpg 640w, https://organizingarchitectures.org/wp-content/uploads/lore-720x960.jpg 720w" sizes="auto, (max-width: 900px) 100vw, 900px" /><figcaption class="wp-element-caption">Mit den Verwüstungen leben, die das Feuer anrichtet: Auch wenn dieser Olivenbaum ausgebrannt ist, treibt er aus und trägt Früchte. Euböa, Griechenland, Oktober 2024, © Lore Graf </figcaption></figure>
</div>
<p>Angesichts des gesellschaftlichen Ringens um Land und Lebensgrundlagen in Nordeuböa wirft das Projekt eine aktuelle Frage auf: Wie wird das Zusammenleben und das Bewohnen der Katastrophe sozial, ökologisch, materiell und räumlich organisiert, insbesondere von denjenigen, die nah an der Natur und ihrer Kräfte leben und arbeiten? Indem es nach den Ökologien wie nach dem Sozialen fragt, nach dem (alltäglichen) Materiellen wie dem Politischen, schlägt das Projekt eine Brücke zwischen den Disziplinen Soziologie, Architekturforschung, Geografie und Stadtplanung. Dadurch ergänzt es das Graduiertenkolleg „Architekturen Organisieren“ um eine ländliche und affektzentrierte Perspektive. Die Forschung beschäftigt sich damit auch mit der Frage, wie in transapokalyptischen ländlichen Räumen progressive Zukünfte vorstellbar werden können.  </p>

<p></p>
